ative of v(x). What is q(-2)?
3
Let x(g) = -3*g + 1. Suppose 0 = -5*m + 27 + 383. Let n be (-14)/(-91) + m/(-26). Give x(n).
10
Let h(y) = -y**3 + 9*y**2 + 7*y - 4. Let b(x) = -3*x**2 - 1. Let f(a) = -b(a) - h(a). Let t be (-1 + 2)/(4/28). Determine f(t).
5
Let l(d) = 11*d + 4 - d - 2 - 16*d + d**2. Let t be 2 - 7/((-14)/4). Determine l(t).
-6
Let k(s) = 2*s**2 - 9*s + 6. Suppose -j + 137*d + 4 = 135*d, 16 = 4*j - 4*d. Give k(j).
2
Let k(u) = -7*u**3 + 3*u + 2. Let m(g) = 25*g - 401. Let d be m(16). What is k(d)?
6
Let s(h) = h**3 - 3*h**2 + 2. Suppose -2*p - 85 = -2*g + 3*p, 2*g - 97 = p. Let k = -47 + g. Calculate s(k).
2
Let w(s) = -2*s**3 + 21*s**2 - 46*s - 30. Let u(z) = z**3 - 10*z**2 + 23*z + 15. Let f(i) = -7*u(i) - 4*w(i). What is f(12)?
3
Suppose 42*q - 9*q = 0. Let b(u) be the second derivative of 1/2*u**2 - 1/4*u**4 + 0*u**3 + 5*u + q - 1/20*u**5. Calculate b(-1).
-1
Let y(x) = -x**3 + 9*x**2 + x - 12. Let n(w) = 2*w**3 - 19*w**2 - w + 25. Let l(z) = 6*n(z) + 13*y(z). Give l(4).
6
Let j(o) = 3*o**2 - 4*o + 7. Let g = 1924 - 1920. Give j(g).
39
Let z be 2*4 + 150/(-30). Let u(v) = -3*v - 36 - z*v + 7*v + 32. Give u(0).
-4
Let x(d) be the second derivative of 2*d**3/3 - 14*d**2 - 2*d. Let k(b) = -b + 9. Let w(l) = -7*k(l) - 2*x(l). Suppose 34*j = 16*j. Calculate w(j).
-7
Let c(w) = -w**2 + 180*w - 358. Let m be c(2). Let v(s) = s + 13. What is v(m)?
11
Suppose -186 = 4*m - 154. Let h(v) = 5*v + 29. Determine h(m).
-11
Let p(f) be the second derivative of -f**4/12 - f**3/3 + 4*f**2 - 198*f. What is p(0)?
8
Let x be (-26)/(-7) - 12/(-42)*1. Let a = -13 + x. Let p(h) = h**3 + 10*h**2 + 7*h - 10. Calculate p(a).
8
Suppose -3*z - 4 = -5*x - 19, 0 = 2*x + 5*z - 25. Let v(u) be the second derivative of -5/2*u**2 + 2*u + 1/6*u**3 + x. Give v(6).
1
Suppose 4*b - 3*g = -b - 17, 13 = -5*b + 2*g. Let w(t) = t**2 + t + 2. Calculate w(b).
2
Let v(w) = 1. Let h(j) = 13*j - 2. Let p(b) = -h(b) - 2*v(b). Determine p(-3).
39
Let o be 3*(-4)/12 + 6. Suppose o*h = -0*h. Let r(w) = -5 - w**2 + 2*w + h + 4*w + 0*w. Determine r(5).
0
Let b be 4 - (-7 - (-2 - -2)). Let a(g) = b + g + 9 - 18. Let q = -18 + 11. Give a(q).
-5
Let r(z) = -8*z - 7. Let o = 16 - 22. Let n(m) = 15*m + 13. Let x(i) = o*n(i) - 11*r(i). Let s(c) = -c - 2. Let g be s(-5). Calculate x(g).
-7
Let n(r) = 1. Let v(z) = z - 1. Let b(p) = n(p) - v(p). Suppose -120 = -219*w + 179*w. Determine b(w).
-1
Suppose -2*c + 6 = -3*o + 4, 3*c = -15. Let x be 2*6/4 + (-6 - o). Let l(d) = 10*d**3 - d**2 + d. Calculate l(x).
10
Let d(n) be the second derivative of n**7/840 - n**6/180 - n**5/120 - n**4/24 - 5*n**3/3 + 5*n. Let q(b) be the second derivative of d(b). Calculate q(2).
-3
Let o(f) be the second derivative of -f**4/12 - f**3/2 - 3*f**2 - 84*f + 2. What is o(0)?
-6
Let m = -8 - -12. Suppose v = 1 + m. Suppose 2*t + 4*k = 30, 3*t - k = 3*k - v. Let s(o) = o**3 - 4*o**2 - 3*o - 6. Give s(t).
4
Let y(q) = q**3 + 6*q**2 + 7*q + 4. Suppose 57*v + 225 = 12*v. Determine y(v).
-6
Let k(l) be the first derivative of -l**3/6 + l**2/2 - 3*l - 11. Let x(f) be the first derivative of k(f). What is x(6)?
-5
Let n(b) = 3*b**2 + 10*b + 16. Let v(t) = -8*t**2 - 9 + 7*t**2 - 5*t + 1. Let x(i) = -2*n(i) - 5*v(i). Calculate x(6).
2
Let l(o) = o**2 - 2*o - 6. Suppose -11 + 31 = 5*z. Let h be l(z). Let t(k) = -2*k - 5*k - k + 1 - 7 - k**h. Give t(-4).
10
Let u(v) = -1 + 2*v - v**2 + 4 - 1. Let s be 8502/2071 - (-6)/(-57). What is u(s)?
-6
Suppose -140*d = -145*d + 15. Let w(a) = 11*a. Give w(d).
33
Let t(z) be the second derivative of -z**3/6 - 5*z**2/2 - 2*z + 28. Calculate t(0).
-5
Let l = -13 - -15. Suppose 0 = l*u - 0*u - d - 9, 3*d = -2*u + 13. Suppose 0 = 2*z - u*z. Let a(n) = -n**2 - n - 2. What is a(z)?
-2
Let i(p) be the second derivative of 0*p**3 + 0 + 3/2*p**2 - 2*p - 1/12*p**4. Determine i(5).
-22
Let o(t) = t**2 + 620 - 625 - 14*t**2 + t**3 + 7*t**2 - t. Calculate o(4).
-41
Let j(u) = -3*u + u**2 - 3 + 0*u**2 - 8*u - 8*u + 23*u. Calculate j(2).
9
Suppose 5*p + w + 2*w = -4, -p = 5*w - 8. Let h = p - -4. Let t(v) = -v**2 + v**3 - 2*v - 2*v + 6*v - h. Determine t(2).
6
Let o(u) = 4*u. Let h(l) = 24*l - 3. Let d(q) = h(q) - 4*o(q). Calculate d(5).
37
Let v(q) = 5*q + 14. Suppose -42*a - 221 - 73 = 0. What is v(a)?
-21
Let p = 425 + -426. Let j(h) = -7*h - 1. Calculate j(p).
6
Suppose -4*l - 5*l = 27. Let o = 7 + l. Let n(s) = s**3 - 4*s**2 + 4*s - 6. Determine n(o).
10
Let i(z) = z**2 - 5*z + 4. Let x = 15 + -19. Let f(m) = -6*m**2 - 1. Let b be f(-1). Let k = x - b. What is i(k)?
-2
Let u be (12/36)/(1/(-9)). Let o be (-96)/(-8) + (u - -1). Let l = o - 11. Let p(d) = -9*d**3 - d**2 - d. Give p(l).
9
Let m be (-7 - 87/(-12))*0. Let j(u) = -u**3 + 2*u**2 + 2*u - 9. What is j(m)?
-9
Let o(b) = b**3 - 7*b**2 + 6*b - 2. Let s = -42 + 36. Let u(d) = -2*d**2 - 13*d. Let i be u(s). Determine o(i).
-2
Let s(j) = -j**3 + 12*j**2 - 5. Let k = -889 - -901. Determine s(k).
-5
Suppose 4*y - 13 = 3*q - 4*q, 0 = y + 4*q + 8. Let m(v) = v**2 - 7*v + 2. Calculate m(y).
-10
Let k be (0 - 2)*1 - -9 - 19. Let v(o) = -o**2 - 10*o - 11. Give v(k).
-35
Suppose 0*s - s = -5*g + 3, 3*s - 4*g = -9. Let q(c) = c**2 + 2*c + 1. Calculate q(s).
4
Suppose 0 = -33*h + 29*h + 3*i - 27, 0 = h + 4*i + 2. Let s(a) = -a**3 - 6*a**2 + 7*a + 8. Determine s(h).
-34
Let i be (-2)/(-7) - (52/(-14) + -2). Let s(p) = -5 + 3*p + 2 + i. Determine s(-3).
-6
Let n be 87/21 - (0 - (-2)/14). Let m be (6/n)/(1/(-1 + -1)). Let x(b) = b**2 + 2*b + 2. What is x(m)?
5
Let b(w) = -3*w - 3. Let g(c) = c**3 - 2*c**2 - 8*c + 11. Suppose 2*o + 4 = 10. Let u be g(o). Give b(u).
9
Let v(k) = -5 - 5*k + 0*k**2 + k - k**2 + 10 + 2*k**2. What is v(2)?
1
Let l be (-4)/(-4) + 1 + 2. Let r(x) = -3 + 6 - 8*x + x**2 + l + 1. Let c be (-8 + 1 - 0)*-1. Give r(c).
1
Suppose -4*u = 0, -3 = -2*z + z - 2*u. Let k = -19 + 21. Let d(n) = 3*n**2 + n**2 + n**3 - 3 - k*n**2 - 2*n - 4*n**2. Determine d(z).
0
Let a = 837 - 844. Let y(i) = -i - 11. Give y(a).
-4
Let h(k) = k**3 + 5*k**2 + 5*k - 13. Let c(l) = l - 2. Let d(b) = 4*c(b) - h(b). Give d(-4).
-7
Let c(m) = -m + 0 + 2 - m. Let u be ((-3)/9)/((-680)/225 - -3). Suppose u = 13*g - 11. Give c(g).
-2
Suppose -3*m + 0*m = 4*q - 417, -4*m = -5*q + 560. Suppose -6*g = -10*g - q. Let k be 9/g - (-4)/(-6). Let l(o) = 6*o**2 - o. Determine l(k).
7
Let i(w) be the second derivative of -w**3/2 - 31*w**2/2 + 215*w. Calculate i(-8).
-7
Let k(l) = -13*l**2 - 32*l + 34. Let n(g) = 3*g**2 + 8*g - 8. Let o(p) = 2*k(p) + 9*n(p). Determine o(-8).
-4
Let q(w) = -w**2 - 6*w - 3. Let v be 0/(-5 - -11)*1/2. Suppose v = -4*t + 25 - 49. Give q(t).
-3
Let v(c) = -c**2 + 11*c - 6. Let d(b) = 2*b**2 + 8*b - 4. Let l be d(-6). Suppose 97 - l = 7*t. Determine v(t).
-6
Let j(h) = -940*h**2 + 1887*h**2 - 936*h**2 + 2 + h. Give j(-1).
12
Let m(c) be the second derivative of c**3/6 - 3*c**2/2 - 11*c + 2. Calculate m(-9).
-12
Let l(d) = 12*d + 38 + 9 + d**2 - 62. Calculate l(-13).
-2
Suppose -4*z - 1 = 27. Let j(c) = 2 - 9 - 4*c**2 + 10*c + 17 + 13. Let p(k) = k**2 - 3*k - 8. Let r(d) = z*p(d) - 2*j(d). Determine r(0).
10
Let b(t) = 2*t**3 + t**2 + t + 2. Let n be 1/(-3)*3 + -1. Calculate b(n).
-12
Let s be (-1 + -11)*(4/(-3) - -1). Let m(b) = 18 - 6 - 11 + s*b. Determine m(-2).
-7
Let c(k) be the third derivative of -k**6/120 - 7*k**5/60 + k**4/24 - k**3/6 - 89*k**2. Determine c(-7).
-8
Let m(q) = -q - 3. Let a be m(-4). Let w(l) be the first derivative of -l**2/2 + 22. Let k(v) = -13*v - 1. Let h(u) = -k(u) + 6*w(u). Determine h(a).
8
Let k(a) be the first derivative of -4*a - 9*a**2 + 0*a**2 + a + 22 + 10*a**2. Let r = -6 + 11. What is k(r)?
7
Let z be (-9 - (-95)/10)*0. Let u(b) = b + 11. What is u(z)?
11
Suppose h + 18 = 4*o, -14 - 6 = -4*o. Let v be (2 - 2) + (h - -1). Let n(y) = 14 + 3*y + 2*y**2 - 11 - y**3 - 4. Calculate n(v).
-1
Suppose -n - 4 = -b, 74*b - 72*b - 5 = 3*n. Let u(v) be the third derivative of v**6/120 - 7*v**5/60 - v**4/24 + 7*v**3/6 + v**2. Give u(b).
0
Let l(c) = -4*c + 4. Let y(u) be the second derivative of -u**3/6 - 3*u**2/2 + u. Let b = 31 - 37. Let r be y(b). Give l(r).
-8
Let w(a) = -34*a - 6 - 34*a - 7 - a**3 + 69*a + a**2. Calculate w(0).
-13
Let u(h) = -h**3 + 4*h**2 + 5*h - 5. Let a(v) = -v - 2. Let f be 40/(-5) - (2 + -2)